{"id":13441,"date":"2023-07-18T20:41:17","date_gmt":"2023-07-18T20:41:17","guid":{"rendered":"https:\/\/business.reobiztheme.com\/?page_id=13441"},"modified":"2024-07-18T02:27:59","modified_gmt":"2024-07-18T02:27:59","slug":"nosotros","status":"publish","type":"page","link":"https:\/\/gradienteholding.com.co\/index.php\/nosotros\/","title":{"rendered":"Nosotros"},"content":{"rendered":"\t\t<div data-elementor-type=\"wp-page\" data-elementor-id=\"13441\" class=\"elementor elementor-13441\" data-elementor-post-type=\"page\">\n\t\t\t\t\t\t<section class=\"elementor-section elementor-top-section elementor-element elementor-element-3a6a7c2f elementor-section-full_width elementor-section-content-middle elementor-section-height-default elementor-section-height-default\" data-id=\"3a6a7c2f\" data-element_type=\"section\">\n\t\t\t\t\t\t<div class=\"elementor-container elementor-column-gap-wide\">\n\t\t\t\t\t<div class=\"elementor-column elementor-col-50 elementor-top-column elementor-element elementor-element-ac6127c animated-slow elementor-invisible\" data-id=\"ac6127c\" data-element_type=\"column\" data-settings=\"{&quot;animation&quot;:&quot;fadeInUp&quot;,&quot;animation_delay&quot;:500}\">\n\t\t\t<div class=\"elementor-widget-wrap elementor-element-populated\">\n\t\t\t\t\t\t<div class=\"elementor-element elementor-element-30bb6355 elementor-widget elementor-widget-image\" data-id=\"30bb6355\" data-element_type=\"widget\" data-widget_type=\"image.default\">\n\t\t\t\t<div class=\"elementor-widget-container\">\n\t\t\t<style>\/*! elementor - v3.23.0 - 15-07-2024 *\/\n.elementor-widget-image{text-align:center}.elementor-widget-image a{display:inline-block}.elementor-widget-image a img[src$=\".svg\"]{width:48px}.elementor-widget-image img{vertical-align:middle;display:inline-block}<\/style>\t\t\t\t\t\t\t\t\t\t<img fetchpriority=\"high\" decoding=\"async\" width=\"2560\" height=\"1707\" src=\"https:\/\/gradienteholding.com.co\/wp-content\/uploads\/2024\/07\/charlesdeluvio-Lks7vei-eAg-unsplash-scaled.jpg\" class=\"attachment-full size-full wp-image-14084\" alt=\"\" srcset=\"https:\/\/gradienteholding.com.co\/wp-content\/uploads\/2024\/07\/charlesdeluvio-Lks7vei-eAg-unsplash-scaled.jpg 2560w, https:\/\/gradienteholding.com.co\/wp-content\/uploads\/2024\/07\/charlesdeluvio-Lks7vei-eAg-unsplash-300x200.jpg 300w, https:\/\/gradienteholding.com.co\/wp-content\/uploads\/2024\/07\/charlesdeluvio-Lks7vei-eAg-unsplash-1024x683.jpg 1024w, https:\/\/gradienteholding.com.co\/wp-content\/uploads\/2024\/07\/charlesdeluvio-Lks7vei-eAg-unsplash-768x512.jpg 768w, https:\/\/gradienteholding.com.co\/wp-content\/uploads\/2024\/07\/charlesdeluvio-Lks7vei-eAg-unsplash-1536x1024.jpg 1536w, https:\/\/gradienteholding.com.co\/wp-content\/uploads\/2024\/07\/charlesdeluvio-Lks7vei-eAg-unsplash-2048x1365.jpg 2048w, https:\/\/gradienteholding.com.co\/wp-content\/uploads\/2024\/07\/charlesdeluvio-Lks7vei-eAg-unsplash-365x243.jpg 365w, https:\/\/gradienteholding.com.co\/wp-content\/uploads\/2024\/07\/charlesdeluvio-Lks7vei-eAg-unsplash-600x400.jpg 600w\" sizes=\"(max-width: 2560px) 100vw, 2560px\" \/>\t\t\t\t\t\t\t\t\t\t\t\t\t<\/div>\n\t\t\t\t<\/div>\n\t\t\t\t\t<\/div>\n\t\t<\/div>\n\t\t\t\t<div class=\"elementor-column elementor-col-50 elementor-top-column elementor-element elementor-element-17ba1ce3\" data-id=\"17ba1ce3\" data-element_type=\"column\">\n\t\t\t<div class=\"elementor-widget-wrap elementor-element-populated\">\n\t\t\t\t\t\t<div class=\"elementor-element elementor-element-9b9b080 elementor-widget elementor-widget-rs-heading\" data-id=\"9b9b080\" data-element_type=\"widget\" data-widget_type=\"rs-heading.default\">\n\t\t\t\t<div class=\"elementor-widget-container\">\n\t\t\t        <div class=\"rs-heading default  \">\r\n        \t<div class=\"title-inner\">\r\n        \t\t      \t\t\r\n\t            <span class=\"sub-text \">Sobre Nosotros<\/span><h2 class=\"title\"><span class=\"watermark\"><\/span>El bienestar integral es la clave para el \u00e9xito sostenible.<\/h2>\t        <\/div>\r\n\t                    \t<div class=\"description\">\r\n            \t\t<p>En Gradiente Holding, nos dedicamos a aportar a la creaci\u00f3n de valor en las organizaciones mediante la gesti\u00f3n del bienestar integral de la poblaci\u00f3n y la sostenibilidad de las empresas. Nos especializamos en reingenier\u00eda de estrategias comerciales para construir valor en compa\u00f1\u00edas, enfoc\u00e1ndonos en empresas y segmentos de clientes. Nuestra misi\u00f3n es maximizar las decisiones dif\u00edciles, rentabilizar el presente y, sobre todo, capturar valor a largo plazo.<\/p>            \t\t\r\n            \t<\/div>\r\n        \t        <\/div>\r\n\r\n        \t\t<\/div>\n\t\t\t\t<\/div>\n\t\t\t\t<div class=\"elementor-element elementor-element-4c006c99 elementor-widget elementor-widget-rs-button\" data-id=\"4c006c99\" data-element_type=\"widget\" data-widget_type=\"rs-button.default\">\n\t\t\t\t<div class=\"elementor-widget-container\">\n\t\t\t\t\r\n\t\t\r\n\t\t<div class=\"rs-btn\">\r\n\t\t\t\t\t\t<a class=\"readon rs_button\" href=\"\/servicios\" >\t\t\t\t\r\n\t\t\t\t<span class=\"btn_text\">DESCUBRIR M\u00c1S<\/span>\r\n\t\t\t\t\t\t\t<\/a>\r\n\t\t<\/div>    \r\n\t\t\t<\/div>\n\t\t\t\t<\/div>\n\t\t\t\t\t<\/div>\n\t\t<\/div>\n\t\t\t\t\t<\/div>\n\t\t<\/section>\n\t\t\t\t<section class=\"elementor-section elementor-top-section elementor-element elementor-element-2f8864af elementor-section-stretched elementor-section-boxed elementor-section-height-default elementor-section-height-default\" data-id=\"2f8864af\" data-element_type=\"section\" data-settings=\"{&quot;stretch_section&quot;:&quot;section-stretched&quot;,&quot;background_background&quot;:&quot;classic&quot;}\">\n\t\t\t\t\t\t<div class=\"elementor-container elementor-column-gap-extended\">\n\t\t\t\t\t<div class=\"elementor-column elementor-col-100 elementor-top-column elementor-element elementor-element-159e264a\" data-id=\"159e264a\" data-element_type=\"column\">\n\t\t\t<div class=\"elementor-widget-wrap elementor-element-populated\">\n\t\t\t\t\t\t<div class=\"elementor-element elementor-element-5402d695 elementor-widget elementor-widget-rs-heading\" data-id=\"5402d695\" data-element_type=\"widget\" data-widget_type=\"rs-heading.default\">\n\t\t\t\t<div class=\"elementor-widget-container\">\n\t\t\t        <div class=\"rs-heading default center \">\r\n        \t<div class=\"title-inner\">\r\n        \t\t      \t\t\r\n\t            <span class=\"sub-text \">Construyendo valor a largo plazo.<\/span><h2 class=\"title\"><span class=\"watermark\"><\/span>Mision &amp; Visi\u00f3n<\/h2>\t        <\/div>\r\n\t                <\/div>\r\n\r\n        \t\t<\/div>\n\t\t\t\t<\/div>\n\t\t<div class=\"elementor-element elementor-element-f75c3b0 e-grid e-con-boxed e-con e-parent\" data-id=\"f75c3b0\" data-element_type=\"container\">\n\t\t\t\t\t<div class=\"e-con-inner\">\n\t\t\t\t<div class=\"elementor-element elementor-element-8c131da elementor-widget elementor-widget-text-editor\" data-id=\"8c131da\" data-element_type=\"widget\" data-widget_type=\"text-editor.default\">\n\t\t\t\t<div class=\"elementor-widget-container\">\n\t\t\t<style>\/*! elementor - v3.23.0 - 15-07-2024 *\/\n.elementor-widget-text-editor.elementor-drop-cap-view-stacked .elementor-drop-cap{background-color:#69727d;color:#fff}.elementor-widget-text-editor.elementor-drop-cap-view-framed .elementor-drop-cap{color:#69727d;border:3px solid;background-color:transparent}.elementor-widget-text-editor:not(.elementor-drop-cap-view-default) .elementor-drop-cap{margin-top:8px}.elementor-widget-text-editor:not(.elementor-drop-cap-view-default) .elementor-drop-cap-letter{width:1em;height:1em}.elementor-widget-text-editor .elementor-drop-cap{float:left;text-align:center;line-height:1;font-size:50px}.elementor-widget-text-editor .elementor-drop-cap-letter{display:inline-block}<\/style>\t\t\t\t<p>Aportar a la creaci\u00f3n de valor en las organizaciones, a trav\u00e9s de gestionar el bienestar integral de la poblaci\u00f3n y la sostenibilidad de las empresas.<\/p>\t\t\t\t\t\t<\/div>\n\t\t\t\t<\/div>\n\t\t\t\t<div class=\"elementor-element elementor-element-e04af5e elementor-widget elementor-widget-text-editor\" data-id=\"e04af5e\" data-element_type=\"widget\" data-widget_type=\"text-editor.default\">\n\t\t\t\t<div class=\"elementor-widget-container\">\n\t\t\t\t\t\t\t<p>Ser l\u00edderes en la reingenier\u00eda de estrategias comerciales, construyendo valor en la compa\u00f1\u00eda y capitalizando al m\u00e1ximo las decisiones estrat\u00e9gicas, rentabilizando el presente y capturando valor a largo plazo.<\/p>\t\t\t\t\t\t<\/div>\n\t\t\t\t<\/div>\n\t\t\t\t\t<\/div>\n\t\t\t\t<\/div>\n\t\t\t\t\t<\/div>\n\t\t<\/div>\n\t\t\t\t\t<\/div>\n\t\t<\/section>\n\t\t<div class=\"elementor-element elementor-element-b7e7860 e-flex e-con-boxed e-con e-parent\" data-id=\"b7e7860\" data-element_type=\"container\">\n\t\t\t\t\t<div class=\"e-con-inner\">\n\t\t<div class=\"elementor-element elementor-element-1d8c6bb e-con-full e-flex e-con e-child\" data-id=\"1d8c6bb\" data-element_type=\"container\">\n\t\t\t\t<div class=\"elementor-element elementor-element-f624605 elementor-widget elementor-widget-image\" data-id=\"f624605\" data-element_type=\"widget\" data-widget_type=\"image.default\">\n\t\t\t\t<div class=\"elementor-widget-container\">\n\t\t\t\t\t\t\t\t\t\t\t\t\t<img decoding=\"async\" width=\"220\" height=\"220\" src=\"https:\/\/gradienteholding.com.co\/wp-content\/uploads\/2024\/07\/Imagen1-1.png\" class=\"attachment-full size-full wp-image-14118\" alt=\"\" srcset=\"https:\/\/gradienteholding.com.co\/wp-content\/uploads\/2024\/07\/Imagen1-1.png 220w, https:\/\/gradienteholding.com.co\/wp-content\/uploads\/2024\/07\/Imagen1-1-150x150.png 150w, https:\/\/gradienteholding.com.co\/wp-content\/uploads\/2024\/07\/Imagen1-1-100x100.png 100w\" sizes=\"(max-width: 220px) 100vw, 220px\" \/>\t\t\t\t\t\t\t\t\t\t\t\t\t<\/div>\n\t\t\t\t<\/div>\n\t\t\t\t<div class=\"elementor-element elementor-element-fcd6b46 elementor-widget elementor-widget-heading\" data-id=\"fcd6b46\" data-element_type=\"widget\" data-widget_type=\"heading.default\">\n\t\t\t\t<div class=\"elementor-widget-container\">\n\t\t\t<style>\/*! elementor - v3.23.0 - 15-07-2024 *\/\n.elementor-heading-title{padding:0;margin:0;line-height:1}.elementor-widget-heading .elementor-heading-title[class*=elementor-size-]>a{color:inherit;font-size:inherit;line-height:inherit}.elementor-widget-heading .elementor-heading-title.elementor-size-small{font-size:15px}.elementor-widget-heading .elementor-heading-title.elementor-size-medium{font-size:19px}.elementor-widget-heading .elementor-heading-title.elementor-size-large{font-size:29px}.elementor-widget-heading .elementor-heading-title.elementor-size-xl{font-size:39px}.elementor-widget-heading .elementor-heading-title.elementor-size-xxl{font-size:59px}<\/style><h2 class=\"elementor-heading-title elementor-size-default\">Gustavo Arciniegas\n\n<\/h2>\t\t<\/div>\n\t\t\t\t<\/div>\n\t\t\t\t<div class=\"elementor-element elementor-element-0df5b89 elementor-widget elementor-widget-text-editor\" data-id=\"0df5b89\" data-element_type=\"widget\" data-widget_type=\"text-editor.default\">\n\t\t\t\t<div class=\"elementor-widget-container\">\n\t\t\t\t\t\t\t<ul><li><i>CEO CONNECT FLAG<\/i><\/li><li><i>Director de Negocio GRADIENTE HOLDING<\/i><\/li><li><i>VP Mercadeo y Ventas COMFANDI<\/i><\/li><li><i>Gerente Global de Soluciones\u00a0<\/i><i>Analiticas<\/i><i>\u00a0CARVAJAL TECNOLOGIA Y SERVICIOS<\/i><\/li><li><i>Consultor empresarial de Cajas de Compensaci\u00f3n COLOMBIA .<\/i><\/li><li><i>15 A\u00f1os de experiencia en estrategia comercial y tecnolog\u00eda aplicada a negocio<\/i><\/li><\/ul>\t\t\t\t\t\t<\/div>\n\t\t\t\t<\/div>\n\t\t\t\t<\/div>\n\t\t<div class=\"elementor-element elementor-element-f94280a e-con-full e-flex e-con e-child\" data-id=\"f94280a\" data-element_type=\"container\">\n\t\t\t\t<div class=\"elementor-element elementor-element-dd46a30 elementor-widget elementor-widget-image\" data-id=\"dd46a30\" data-element_type=\"widget\" data-widget_type=\"image.default\">\n\t\t\t\t<div class=\"elementor-widget-container\">\n\t\t\t\t\t\t\t\t\t\t\t\t\t<img decoding=\"async\" width=\"344\" height=\"337\" src=\"https:\/\/gradienteholding.com.co\/wp-content\/uploads\/2024\/07\/Imagen4-e1696206794876.jpg\" class=\"attachment-full size-full wp-image-14123\" alt=\"\" srcset=\"https:\/\/gradienteholding.com.co\/wp-content\/uploads\/2024\/07\/Imagen4-e1696206794876.jpg 344w, https:\/\/gradienteholding.com.co\/wp-content\/uploads\/2024\/07\/Imagen4-e1696206794876-300x294.jpg 300w\" sizes=\"(max-width: 344px) 100vw, 344px\" \/>\t\t\t\t\t\t\t\t\t\t\t\t\t<\/div>\n\t\t\t\t<\/div>\n\t\t\t\t<div class=\"elementor-element elementor-element-7134027 elementor-widget elementor-widget-heading\" data-id=\"7134027\" data-element_type=\"widget\" data-widget_type=\"heading.default\">\n\t\t\t\t<div class=\"elementor-widget-container\">\n\t\t\t<h2 class=\"elementor-heading-title elementor-size-default\">Jaime Castillo\n<\/h2>\t\t<\/div>\n\t\t\t\t<\/div>\n\t\t\t\t<div class=\"elementor-element elementor-element-b443e12 elementor-widget elementor-widget-text-editor\" data-id=\"b443e12\" data-element_type=\"widget\" data-widget_type=\"text-editor.default\">\n\t\t\t\t<div class=\"elementor-widget-container\">\n\t\t\t\t\t\t\t<ul><li>30 a\u00f1os de gesti\u00f3n corporativa en Am\u00e9rica Latina y Estados Unidos , liderando las ventas nacionales e internacionales en compa\u00f1\u00edas de mas de U$600 millones (VP Comercial COLOMBINA, Director Internacional ALPINA, Gerente Internacional NUTRESA)<\/li><li>Socio y Director Comercial de Innova Enterprises<\/li><li>VP de CEO Adviisor USA, en Colombia<\/li><\/ul>\t\t\t\t\t\t<\/div>\n\t\t\t\t<\/div>\n\t\t\t\t<\/div>\n\t\t\t\t\t<\/div>\n\t\t\t\t<\/div>\n\t\t\t\t<\/div>\n\t\t","protected":false},"excerpt":{"rendered":"<p>Sobre Nosotros El bienestar integral es la clave para el \u00e9xito sostenible. En Gradiente Holding, nos dedicamos a aportar a la creaci\u00f3n de valor en las organizaciones mediante la gesti\u00f3n del bienestar integral de la poblaci\u00f3n y la sostenibilidad de las empresas. Nos especializamos en reingenier\u00eda de estrategias comerciales para construir valor en compa\u00f1\u00edas, enfoc\u00e1ndonos&#8230;<\/p>\n","protected":false},"author":1,"featured_media":0,"parent":0,"menu_order":0,"comment_status":"closed","ping_status":"closed","template":"","meta":{"footnotes":""},"class_list":["post-13441","page","type-page","status-publish","hentry"],"aioseo_notices":[],"_links":{"self":[{"href":"https:\/\/gradienteholding.com.co\/index.php\/wp-json\/wp\/v2\/pages\/13441"}],"collection":[{"href":"https:\/\/gradienteholding.com.co\/index.php\/wp-json\/wp\/v2\/pages"}],"about":[{"href":"https:\/\/gradienteholding.com.co\/index.php\/wp-json\/wp\/v2\/types\/page"}],"author":[{"embeddable":true,"href":"https:\/\/gradienteholding.com.co\/index.php\/wp-json\/wp\/v2\/users\/1"}],"replies":[{"embeddable":true,"href":"https:\/\/gradienteholding.com.co\/index.php\/wp-json\/wp\/v2\/comments?post=13441"}],"version-history":[{"count":16,"href":"https:\/\/gradienteholding.com.co\/index.php\/wp-json\/wp\/v2\/pages\/13441\/revisions"}],"predecessor-version":[{"id":14132,"href":"https:\/\/gradienteholding.com.co\/index.php\/wp-json\/wp\/v2\/pages\/13441\/revisions\/14132"}],"wp:attachment":[{"href":"https:\/\/gradienteholding.com.co\/index.php\/wp-json\/wp\/v2\/media?parent=13441"}],"curies":[{"name":"wp","href":"https:\/\/api.w.org\/{rel}","templated":true}]}}